et v be (2/(-6))/(d/63). Suppose i + 888 = 3*i + v*q, -5*i - 5*q = -2225. Is i prime?
False
Suppose -40*c = 58*c - 8644678. Is c a composite number?
False
Let l(y) = -3*y**3 - 33*y**2 + 34*y - 409. Is l(-31) a prime number?
True
Let a(g) = -g + 20. Let p be a(14). Let h(f) = 80*f**2 - 14*f + 17. Is h(p) a prime number?
False
Suppose 3*u + 3*s - 266730 = 0, -s - 963 + 178788 = 2*u. Is u composite?
True
Let u = 1307450 - 744421. Is u a composite number?
True
Let y = -338 - -427. Suppose -y*a + 90*a = 149. Is a a composite number?
False
Suppose 3*y - 329 = -1004. Is (-920505)/y + (-2)/15 prime?
True
Let d(v) = 522*v**2 + 36*v + 871. Is d(-19) a prime number?
False
Let f(v) = 2*v - 14. Let d be f(9). Suppose d*u - 3234 = -3*u. Suppose 9*i - u = 3*i. Is i composite?
True
Let r = -3440 - -98181. Is r composite?
True
Let y = 507 + -499. Suppose y*h - 4*h = -5*x + 38567, 3*h - 28925 = -4*x. Is h prime?
True
Suppose 0 = -11*m + 21*m - 117130. Suppose s - 8790 = -2*s + 3*n, -4*s + m = 3*n. Is s prime?
False
Suppose 15*n + 1 = -2*q + 16*n, 4*n = -4*q + 16. Let h(p) be the third derivative of 247*p**5/30 - 5*p**4/24 + p**3/3 + p**2. Is h(q) a prime number?
True
Let n(d) = 4*d - 19. Let h be n(6). Suppose -5*o + 555 = 2*a, -2*a + 550 = h*o - o. Is a prime?
False
Let r = 147716 + -59433. Is r a composite number?
True
Suppose -3*u = 5*q + 13, 3*q = -2*u + 7*q + 6. Let x(p) = -p + 11. Let m be x(5). Is u*7256/(-12)*m/4 composite?
False
Let d(j) = 2*j**2 - 68*j. Let c be d(34). Suppose -14*i + 323 = 2*n - 11*i, -n - 4*i + 159 = c. Is n a prime number?
True
Suppose -32*u - 39858 = -35*u. Suppose 16*f - 2*f - u = 0. Is f a composite number?
True
Suppose -214*a + 15556690 + 31542784 = 0. Is a a prime number?
False
Suppose -5*a = 4*r + 1612 - 12031, -2*a = 2. Let o = r - 1395. Is o a prime number?
False
Suppose 12 = -4*u - 2*u, 5*v - 1134947 = -4*u. Is v a prime number?
True
Is 13 - -2699957 - (2/4 - (-9)/(-6)) prime?
True
Let o = -1624 + 3783. Is (-162)/243 + o/3 a composite number?
False
Is (1/3)/((-1)/4*56/(-1881978)) a prime number?
True
Let k be 4/14 - (-1428)/(-196). Let x(p) = 145*p**2 - 3*p + 17. Is x(k) a composite number?
True
Let y(d) be the first derivative of 9*d**5/40 - d**4/2 - 11*d**3/3 - 2. Let k(z) be the third derivative of y(z). Is k(3) composite?
True
Suppose -2 = -2*v, -20*q - 4*v - 2289280 = -24*q. Is q prime?
True
Suppose -5*f + 5 = -5*x, -4*f = -2*f - 8. Suppose -4*c = -y - 13510, -2*y - x - 1 = 0. Suppose -2*k + 3*b - c = -3*k, 4*b - 3377 = -k. Is k prime?
False
Suppose -q = -h - 3*q + 7, -h + q + 4 = 0. Suppose -1799 = -h*b + 1646. Is b prime?
False
Let k be (-56)/(-12)*(-1)/((-9)/(-54)). Is (3/1 - (k - -27)) + 10797 prime?
False
Suppose 7427*j - 7425*j - 104018 = 0. Is j prime?
True
Suppose 14174 + 58094 = 14*s. Let w = s + -2053. Is w prime?
True
Suppose 5*s - 4*x = -2*x + 204293, 204323 = 5*s + 3*x. Is s a composite number?
True
Let c be (-70)/4*(-72)/42. Suppose -c*m + 35*m = 39505. Is m a composite number?
False
Let p = 88 + -103. Is 4/((-12)/p) - -216 composite?
True
Let b(u) = 2362*u**2 - 2*u + 1. Let z be b(1). Suppose 0 = -22*t - 71 + 137. Suppose 3*m = t*f + 7*m - z, 5*f - 3935 = -m. Is f composite?
False
Let w(b) = -75*b + 7. Let n be (10/(-25))/((-3)/(-5))*6. Let s(h) = -74*h + 8. Let a(u) = n*s(u) + 3*w(u). Is a(10) prime?
False
Is (0 - 78492/18)*(-8)/(112/21) a prime number?
False
Suppose 3*r + g = 596214 - 107305, 4*g + 651900 = 4*r. Is r a composite number?
False
Let l be 0/((-4 + 2)*1). Suppose l = 5*a - 5 - 0. Suppose 0 = w + a, -w - 6408 = -2*y + w. Is y a composite number?
False
Let y be -5 - -2 - 1 - 11. Let q(i) = 4*i + 19. Let a be q(y). Let h = 162 - a. Is h a prime number?
False
Let z(m) = -2*m**3 + 21*m**2 - 12*m + 21. Let f be z(10). Let t be ((1/(-3))/f)/((-1)/6). Suppose t*l = -4*a + 2822, -2045 = -4*l - 2*a + 3593. Is l prime?
True
Is 33140446/68 + 21/6 a composite number?
False
Let w(k) be the first derivative of 10*k**3 + k**2 + 83*k - 181. Is w(15) a composite number?
False
Suppose 59*d + 113404 = 4*i + 64*d, 3*i + 3*d = 85050. Suppose 2*s + 5*k - 28346 = 0, 2*s + i = 4*s - k. Is s composite?
False
Let d = 330928 + -109155. Is d prime?
True
Suppose -18469 = -416*r + 405*r. Let v = 6075 + r. Is v prime?
False
Is (-2456729)/(-21) + (-94)/987 a composite number?
True
Let v(k) = 360*k**2 + k + 1. Let u be -3 - 0 - 119/(-17). Suppose -2*s - 3*n - 20 + 1 = 0, -28 = 4*s + u*n. Is v(s) a prime number?
True
Let b(j) = 78624*j**3 - 4*j**2 + 3*j. Is b(1) prime?
True
Let m = 15959 - 7074. Is m prime?
False
Suppose -2*w + 5*g + 22 = 0, -4*g + g - 12 = 0. Let c be 1824/30 - (w - 6/5). Let q = c + 78. Is q prime?
True
Suppose 3*q - 35 = -2*y + 38, 2*q = 5*y - 135. Let t(g) = -26*g + 819. Let a be t(31). Suppose b = r + a + y, -b + 30 = 2*r. Is b a prime number?
False
Suppose -138 = -3*x - 48. Let h(j) = 121*j - 41. Is h(x) a prime number?
False
Let w(a) = 3*a - 40. Let k be w(14). Suppose -k*o + 3*o + 3*v = -1363, -v = -o - 1351. Let g = o - -2261. Is g a prime number?
True
Suppose f + 6 = -v, 0*v = -5*f + 3*v + 2. Is (f/(-4))/(29/372418) composite?
False
Suppose -2 = -4*t - 30. Let q(j) = -142*j + 117. Is q(t) a prime number?
False
Suppose 0 = -28*n + 30*n + 4330. Let b = -751 - n. Let j = b + -1001. Is j a composite number?
True
Let a be 5979*(-4 + 13/3). Let u = -1007 + a. Let q = -589 + u. Is q prime?
True
Suppose 91*p - 78 = 78*p. Is 4 - (33865/26)/((-3)/p) a prime number?
True
Suppose 4*q - 5*b = -0*b + 7633, 2*q - b - 3809 = 0. Suppose 9*z = q + 41577. Is z a prime number?
True
Let l(p) = 192*p**2 + 90*p + 18. Let w be l(14). Let z = w + -26813. Is z prime?
True
Suppose 1823*h - 1830*h + 1890679 = 0. Is h prime?
True
Let k(h) = 2*h**3 - 5*h**2 + 2*h + 5. Let c be k(-6). Let b = c - -1206. Is b a composite number?
False
Suppose -2*a + 157543 = 3*u, -7*u + 11*u - 210058 = -3*a. Is u prime?
False
Suppose -11*v - 248 = -17. Let k(u) = -309*u + 40. Is k(v) a composite number?
False
Suppose 2*j + 26184 = c, 3*j + 2*j + 5*c = -65490. Let x = -7593 - j. Is x a prime number?
True
Let v = 2542 - 1151. Suppose -3*m - y + 22839 = 0, 2*y + 9011 - v = m. Suppose -2*g - g - 5*q + m = 0, 3*g - 7623 = -2*q. Is g a prime number?
True
Let k be 399/(-171)*(-1)/(35/150). Let g(f) be the first derivative of 6*f**3 - 7*f**2/2 - 24*f - 1. Is g(k) composite?
True
Is ((-394446)/(-3) - (-11 + (-8 - -15)))/2 a prime number?
False
Is (-660)/70 + 10 + (-3929358)/(-14) - -4 a composite number?
False
Let u(x) = -7*x - 16. Let g be u(-5). Let i(p) = -5 + 30*p + 62*p**2 - 15*p - g*p. Is i(-2) a prime number?
True
Let i(y) = 68*y**3 - 10*y**2 - 80. Let j(a) = -23*a**3 + 3*a**2 + a + 27. Let d(f) = 3*i(f) + 8*j(f). Is d(7) prime?
False
Let m be 110/(-1650) - (-358)/(-30). Let u = 313 + 80. Is (u/12)/((-3)/m) a prime number?
True
Suppose 0 = 5*r - 4*x - 176342 - 1508431, 0 = 3*r + 2*x - 1010899. Is r a prime number?
True
Let c be (0 + (-6)/(-9))*3. Suppose -2*y + y = 5*o - 7, -8 = -c*o - 3*y. Suppose 0 = -p - o + 32. Is p a prime number?
True
Suppose -3*p + 21519 + 24525 = 2*t, 0 = 3*p - 12. Let s = -4003 + t. Is s a composite number?
False
Suppose 11*f = 6*f + 20. Suppose -16 = f*u, -5*u + 14409 = 5*b - 7436. Is b prime?
True
Let z(i) = 12*i - 63. Let m be z(5). Let y(n) = -82*n**3 - 5*n**2 - 5*n + 5. Is y(m) prime?
False
Let a(x) be the third derivative of x**6/120 + 2*x**5/3 - 2*x**4/3 + 7*x**3/2 + 7*x**2. Is a(10) composite?
False
Let h(k) = 760*k**2 - 244*k - 8926. Is h(-31) prime?
False
Suppose -n + 8*n + 16*n = 660721. Is n a prime number?
False
Let f(p) be the third derivative of p**5/60 - 3*p**4/8 + 7*p**3/3 - 16*p**2. Let s be f(7). Suppose -12 = 5*l + 3, s = 3*g + l - 3774. Is g prime?
True
Suppose 124*t + q - 70258 = 123*t, -t + 70273 = 4*q. Is t a prime number?
False
Suppose -2*s = 3*r + 4880, -2*s - r - 2512 - 2360 = 0. Is -3 - 5/10*s composite?
True
Let k(c) = 48859*c**3 - 4*c**2 + 8*c - 3. Is k(2) a composite number?
False
Suppose 4*r - 2*u + 156 = 0, 0*u + 5*u - 156 = 4*r. Let b = -37 - r. Suppose -b*l = l + n - 4081, 0 = -3*n - 6. Is l a composite number?
False
Let j(d) be the second derivative of 0 - 2*d**3 - 8*d + 55/2*d**2 + 2*d**4. Is j(11) composite?
True
Suppose 50*k = 49*k + 140. Let q = 1497 + k. Is q composite?
False
